{"id":55,"date":"2024-02-21T18:36:13","date_gmt":"2024-02-21T18:36:13","guid":{"rendered":"https:\/\/penhalta.com\/valencia\/?page_id=55"},"modified":"2025-09-12T10:00:20","modified_gmt":"2025-09-12T10:00:20","slug":"festeras","status":"publish","type":"page","link":"https:\/\/penhalta.com\/valencia\/festeras\/","title":{"rendered":"Festeras"},"content":{"rendered":"<p>[et_pb_section fb_built=&#8221;1&#8243; _builder_version=&#8221;4.24.2&#8243; _module_preset=&#8221;default&#8221; global_colors_info=&#8221;{}&#8221;][\/et_pb_section]<\/p>\n","protected":false},"excerpt":{"rendered":"<p>En Penhalta vestimos a las festeras de la Comunidad Valenciana con dise\u00f1os que combinan tradici\u00f3n y modernidad. Cada traje se confecciona con el m\u00e1ximo cuidado, respetando el protocolo y realzando la esencia de la fiesta. Descubre nuestra colecci\u00f3n y encuentra el dise\u00f1o que har\u00e1 de tu a\u00f1o festero un recuerdo inolvidable.<\/p>\n","protected":false},"author":1,"featured_media":0,"parent":0,"menu_order":0,"comment_status":"closed","ping_status":"closed","template":"","meta":{"_et_pb_use_builder":"on","_et_pb_old_content":"","_et_gb_content_width":"","footnotes":""},"class_list":["post-55","page","type-page","status-publish","hentry"],"yoast_head":"<!-- This site is optimized with the Yoast SEO plugin v23.2 - https:\/\/yoast.com\/wordpress\/plugins\/seo\/ -->\n<title>Festeras - Penhalta Valencia | Vestidos de novia, caballero, fiesta y ceremonia en Valencia<\/title>\n<meta name=\"description\" content=\"Descubre en Penhalta nuestra colecci\u00f3n de vestidos de festera. Dise\u00f1os que unen tradici\u00f3n y modernidad para un a\u00f1o \u00fanico\" \/>\n<meta name=\"robots\" content=\"index, follow, max-snippet:-1, max-image-preview:large, max-video-preview:-1\" \/>\n<link rel=\"canonical\" href=\"https:\/\/penhalta.com\/valencia\/festeras\/\" \/>\n<meta property=\"og:locale\" content=\"es_ES\" \/>\n<meta property=\"og:type\" content=\"article\" \/>\n<meta property=\"og:title\" content=\"Festeras - Penhalta Valencia | Vestidos de novia, caballero, fiesta y ceremonia en Valencia\" \/>\n<meta property=\"og:description\" content=\"Descubre en Penhalta nuestra colecci\u00f3n de vestidos de festera. Dise\u00f1os que unen tradici\u00f3n y modernidad para un a\u00f1o \u00fanico\" \/>\n<meta property=\"og:url\" content=\"https:\/\/penhalta.com\/valencia\/festeras\/\" \/>\n<meta property=\"og:site_name\" content=\"Penhalta Valencia | Vestidos de novia, caballero, fiesta y ceremonia en Valencia\" \/>\n<meta property=\"article:modified_time\" content=\"2025-09-12T10:00:20+00:00\" \/>\n<meta name=\"twitter:card\" content=\"summary_large_image\" \/>\n<script type=\"application\/ld+json\" class=\"yoast-schema-graph\">{\"@context\":\"https:\/\/schema.org\",\"@graph\":[{\"@type\":\"WebPage\",\"@id\":\"https:\/\/penhalta.com\/valencia\/festeras\/\",\"url\":\"https:\/\/penhalta.com\/valencia\/festeras\/\",\"name\":\"Festeras - Penhalta Valencia | Vestidos de novia, caballero, fiesta y ceremonia en Valencia\",\"isPartOf\":{\"@id\":\"https:\/\/penhalta.com\/valencia\/#website\"},\"datePublished\":\"2024-02-21T18:36:13+00:00\",\"dateModified\":\"2025-09-12T10:00:20+00:00\",\"description\":\"Descubre en Penhalta nuestra colecci\u00f3n de vestidos de festera. Dise\u00f1os que unen tradici\u00f3n y modernidad para un a\u00f1o \u00fanico\",\"breadcrumb\":{\"@id\":\"https:\/\/penhalta.com\/valencia\/festeras\/#breadcrumb\"},\"inLanguage\":\"es\",\"potentialAction\":[{\"@type\":\"ReadAction\",\"target\":[\"https:\/\/penhalta.com\/valencia\/festeras\/\"]}]},{\"@type\":\"BreadcrumbList\",\"@id\":\"https:\/\/penhalta.com\/valencia\/festeras\/#breadcrumb\",\"itemListElement\":[{\"@type\":\"ListItem\",\"position\":1,\"name\":\"Portada\",\"item\":\"https:\/\/penhalta.com\/valencia\/\"},{\"@type\":\"ListItem\",\"position\":2,\"name\":\"Festeras\"}]},{\"@type\":\"WebSite\",\"@id\":\"https:\/\/penhalta.com\/valencia\/#website\",\"url\":\"https:\/\/penhalta.com\/valencia\/\",\"name\":\"Penhalta Valencia | Vestidos de novia, caballero, fiesta y ceremonia en Valencia\",\"description\":\"Vestidos de novia, caballero, fiesta y ceremonia en Valencia\",\"potentialAction\":[{\"@type\":\"SearchAction\",\"target\":{\"@type\":\"EntryPoint\",\"urlTemplate\":\"https:\/\/penhalta.com\/valencia\/?s={search_term_string}\"},\"query-input\":\"required name=search_term_string\"}],\"inLanguage\":\"es\"}]}<\/script>\n<!-- \/ Yoast SEO plugin. -->","yoast_head_json":{"title":"Festeras - Penhalta Valencia | Vestidos de novia, caballero, fiesta y ceremonia en Valencia","description":"Descubre en Penhalta nuestra colecci\u00f3n de vestidos de festera. Dise\u00f1os que unen tradici\u00f3n y modernidad para un a\u00f1o \u00fanico","robots":{"index":"index","follow":"follow","max-snippet":"max-snippet:-1","max-image-preview":"max-image-preview:large","max-video-preview":"max-video-preview:-1"},"canonical":"https:\/\/penhalta.com\/valencia\/festeras\/","og_locale":"es_ES","og_type":"article","og_title":"Festeras - Penhalta Valencia | Vestidos de novia, caballero, fiesta y ceremonia en Valencia","og_description":"Descubre en Penhalta nuestra colecci\u00f3n de vestidos de festera. Dise\u00f1os que unen tradici\u00f3n y modernidad para un a\u00f1o \u00fanico","og_url":"https:\/\/penhalta.com\/valencia\/festeras\/","og_site_name":"Penhalta Valencia | Vestidos de novia, caballero, fiesta y ceremonia en Valencia","article_modified_time":"2025-09-12T10:00:20+00:00","twitter_card":"summary_large_image","schema":{"@context":"https:\/\/schema.org","@graph":[{"@type":"WebPage","@id":"https:\/\/penhalta.com\/valencia\/festeras\/","url":"https:\/\/penhalta.com\/valencia\/festeras\/","name":"Festeras - Penhalta Valencia | Vestidos de novia, caballero, fiesta y ceremonia en Valencia","isPartOf":{"@id":"https:\/\/penhalta.com\/valencia\/#website"},"datePublished":"2024-02-21T18:36:13+00:00","dateModified":"2025-09-12T10:00:20+00:00","description":"Descubre en Penhalta nuestra colecci\u00f3n de vestidos de festera. Dise\u00f1os que unen tradici\u00f3n y modernidad para un a\u00f1o \u00fanico","breadcrumb":{"@id":"https:\/\/penhalta.com\/valencia\/festeras\/#breadcrumb"},"inLanguage":"es","potentialAction":[{"@type":"ReadAction","target":["https:\/\/penhalta.com\/valencia\/festeras\/"]}]},{"@type":"BreadcrumbList","@id":"https:\/\/penhalta.com\/valencia\/festeras\/#breadcrumb","itemListElement":[{"@type":"ListItem","position":1,"name":"Portada","item":"https:\/\/penhalta.com\/valencia\/"},{"@type":"ListItem","position":2,"name":"Festeras"}]},{"@type":"WebSite","@id":"https:\/\/penhalta.com\/valencia\/#website","url":"https:\/\/penhalta.com\/valencia\/","name":"Penhalta Valencia | Vestidos de novia, caballero, fiesta y ceremonia en Valencia","description":"Vestidos de novia, caballero, fiesta y ceremonia en Valencia","potentialAction":[{"@type":"SearchAction","target":{"@type":"EntryPoint","urlTemplate":"https:\/\/penhalta.com\/valencia\/?s={search_term_string}"},"query-input":"required name=search_term_string"}],"inLanguage":"es"}]}},"_links":{"self":[{"href":"https:\/\/penhalta.com\/valencia\/wp-json\/wp\/v2\/pages\/55"}],"collection":[{"href":"https:\/\/penhalta.com\/valencia\/wp-json\/wp\/v2\/pages"}],"about":[{"href":"https:\/\/penhalta.com\/valencia\/wp-json\/wp\/v2\/types\/page"}],"author":[{"embeddable":true,"href":"https:\/\/penhalta.com\/valencia\/wp-json\/wp\/v2\/users\/1"}],"replies":[{"embeddable":true,"href":"https:\/\/penhalta.com\/valencia\/wp-json\/wp\/v2\/comments?post=55"}],"version-history":[{"count":45,"href":"https:\/\/penhalta.com\/valencia\/wp-json\/wp\/v2\/pages\/55\/revisions"}],"predecessor-version":[{"id":9005,"href":"https:\/\/penhalta.com\/valencia\/wp-json\/wp\/v2\/pages\/55\/revisions\/9005"}],"wp:attachment":[{"href":"https:\/\/penhalta.com\/valencia\/wp-json\/wp\/v2\/media?parent=55"}],"curies":[{"name":"wp","href":"https:\/\/api.w.org\/{rel}","templated":true}]}}

<p>En Penhalta vestimos a las festeras de la Comunidad Valenciana con diseños que combinan tradición y modernidad. Cada traje se confecciona con el máximo cuidado, respetando el protocolo y realzando la esencia de la fiesta. Descubre nuestra colección y encuentra el diseño que hará de tu año festero un recuerdo inolvidable.</p>

<!-- This site is optimized with the Yoast SEO plugin v23.2 - https://yoast.com/wordpress/plugins/seo/ -->
<title>Festeras - Penhalta Valencia | Vestidos de novia, caballero, fiesta y ceremonia en Valencia</title>
<meta name="description" content="Descubre en Penhalta nuestra colección de vestidos de festera. Diseños que unen tradición y modernidad para un año único" />
<meta name="robots" content="index, follow, max-snippet:-1, max-image-preview:large, max-video-preview:-1" />
<link rel="canonical" href="https://penhalta.com/valencia/festeras/" />
<meta property="og:locale" content="es_ES" />
<meta property="og:type" content="article" />
<meta property="og:title" content="Festeras - Penhalta Valencia | Vestidos de novia, caballero, fiesta y ceremonia en Valencia" />
<meta property="og:description" content="Descubre en Penhalta nuestra colección de vestidos de festera. Diseños que unen tradición y modernidad para un año único" />
<meta property="og:url" content="https://penhalta.com/valencia/festeras/" />
<meta property="og:site_name" content="Penhalta Valencia | Vestidos de novia, caballero, fiesta y ceremonia en Valencia" />
<meta property="article:modified_time" content="2025-09-12T10:00:20+00:00" />
<meta name="twitter:card" content="summary_large_image" />
<script type="application/ld+json" class="yoast-schema-graph">{"@context":"https://schema.org","@graph":[{"@type":"WebPage","@id":"https://penhalta.com/valencia/festeras/","url":"https://penhalta.com/valencia/festeras/","name":"Festeras - Penhalta Valencia | Vestidos de novia, caballero, fiesta y ceremonia en Valencia","isPartOf":{"@id":"https://penhalta.com/valencia/#website"},"datePublished":"2024-02-21T18:36:13+00:00","dateModified":"2025-09-12T10:00:20+00:00","description":"Descubre en Penhalta nuestra colección de vestidos de festera. Diseños que unen tradición y modernidad para un año único","breadcrumb":{"@id":"https://penhalta.com/valencia/festeras/#breadcrumb"},"inLanguage":"es","potentialAction":[{"@type":"ReadAction","target":["https://penhalta.com/valencia/festeras/"]}]},{"@type":"BreadcrumbList","@id":"https://penhalta.com/valencia/festeras/#breadcrumb","itemListElement":[{"@type":"ListItem","position":1,"name":"Portada","item":"https://penhalta.com/valencia/"},{"@type":"ListItem","position":2,"name":"Festeras"}]},{"@type":"WebSite","@id":"https://penhalta.com/valencia/#website","url":"https://penhalta.com/valencia/","name":"Penhalta Valencia | Vestidos de novia, caballero, fiesta y ceremonia en Valencia","description":"Vestidos de novia, caballero, fiesta y ceremonia en Valencia","potentialAction":[{"@type":"SearchAction","target":{"@type":"EntryPoint","urlTemplate":"https://penhalta.com/valencia/?s={search_term_string}"},"query-input":"required name=search_term_string"}],"inLanguage":"es"}]}</script>
<!-- / Yoast SEO plugin. -->

Descubre en Penhalta nuestra colección de vestidos de festera. Diseños que unen tradición y modernidad para un año único
